4*a. What is v(a)?
-2
Let p(m) be the second derivative of m**5/20 + 25*m**4/12 + 11*m**3/3 - 14*m**2 - 27*m + 99. Calculate p(-24).
20
Let j be (1 - -1) + (-24)/(-18)*3. Let v be 1/j - (-102)/36. Suppose -4*l = v*m + 14, 6*l - 11 = m + l. Let q(z) = -z**3 - 6*z**2 - z. What is q(m)?
6
Let f(v) = v**3 + 6*v**2 + 5*v + 4. Let j(t) = -5*t + 15. Let x be j(-3). Let q be x/(-3)*(2 + 3/(-2)). What is f(q)?
4
Let y be (-1 + -5)*28/(-56). Let g(w) be the third derivative of -w**5/15 - w**4/24 + w**3/6 - 37*w**2. Calculate g(y).
-38
Let b(v) = 28 + 1 - 2*v**3 - 58 + 51*v**2 - 24*v. Determine b(25).
-4
Let x(i) be the third derivative of i**4/12 - i**3 + 1989743*i**2. Let k(o) = o**3 + 7*o**2 + 6*o + 6. Let t be k(-6). Let m be t/1 + 1 + 1. Calculate x(m).
10
Let s(d) = 24*d + 162. Let m(b) = -3*b**2 + 2*b + 1. Let p be m(2). Let x be s(p). Let g(y) = -y**2 - 6*y - 9. Give g(x).
-9
Suppose -208 = 4*k - 120 - 108. Let h(m) = -6*m + 12. Calculate h(k).
-18
Let q be (3 + 2)/(95/38). Let f(k) = 101*k + 12*k**3 - 2*k**q - 102*k + 4 - 13*k**3. What is f(-2)?
6
Let w(x) be the first derivative of x**3/3 - 5*x**2/2 - 161*x - 4176. Determine w(15).
-11
Let z(y) = -2*y + 13. Suppose 3*q + 0*q - 5*n = 27, -4*q - 4*n = -4. Suppose 0 = -o + 5*c + 35, -q*o = -5*c - 34 - 31. Calculate z(o).
-7
Let v(f) = -15*f - 2*f + 34 + 11*f - 45*f**3 - 5*f**2 + 46*f**3. Determine v(5).
4
Let j(o) = -384*o - 2697. Let x be j(-7). Let g(v) be the first derivative of -v**3/6 - 2*v**2 - v + 1. Let i(z) be the first derivative of g(z). Give i(x).
5
Let r(n) = n**3 - 8*n**2 - 1. Let u(d) = -d**2 + 10*d + 4. Let g be u(10). Let t be (g - 0)/((-12)/18). Let i be 123/15 + t/30. What is r(i)?
-1
Let h be (30/(-4))/(6/(-12)). Suppose -12*u = -7*u - h. Let c(z) = 1 + 2*z**3 - z + 4*z**2 + 4*z + 0*z**u + 0*z. Give c(-2).
-5
Suppose 3*i - 2*w - 55 = -2*i, w + 50 = 5*i. Suppose 7*j - i*j = 16. Let x(s) = s**2 + 8*s - 4. What is x(j)?
-4
Let c(n) = -2*n**2 - 14*n. Let x be c(-7). Suppose x = 4*q + 2*y - 40, 3*y + 10 = 2*q - y. Let o(f) = f**3 - 10*f**2 + 10*f - 8. Determine o(q).
1
Let c = -121 + 67. Let k = -53 - c. Let s(f) = -247*f**2 + 235*f**2 + f**3 + 11 + k - f. Calculate s(12).
0
Let f(o) be the second derivative of o**5/10 - o**4/3 - 7*o**3/6 + 7*o**2/2 + 534*o. What is f(3)?
4
Let i(z) = -z**2 - 8*z - 6. Suppose 7*y - 32 = 66. Let f(g) = -y - 4 + 2*g + 20. Let m be f(-4). Give i(m).
6
Let t = 5 + 2. Suppose m = 3, -6*b - 4*m = -3*b - 30. Let y(k) = -82 + 40 + b*k**2 + 40 - k**3 + 8*k. Give y(t).
5
Let u be ((-33)/(-55))/(1/5). Suppose 0 = -5*i + u + 12. Suppose 0 = -5*w - 42 - i. Let m(j) = -j - 10. Determine m(w).
-1
Let o = -3691 + 3684. Let g(r) = -r**3 - 9*r**2 - 7*r - 4. What is g(o)?
-53
Suppose -c + 620*d = 623*d - 26, -22 = 5*c - 4*d. Let s(x) be the first derivative of 3*x + 2/3*x**3 - 26 + 3/2*x**c + 1/4*x**4. What is s(-2)?
-3
Let c(m) = 14*m - 229. Let s = -1041 - -1057. What is c(s)?
-5
Let h = 3133 - 3149. Let r(l) = -l**3 - 16*l**2 + 3*l + 43. Calculate r(h).
-5
Let j(n) = -n**2 + n + 2. Let y(h) = h + 1. Let r(b) = -12*b - 70. Let w(t) = -r(t) - 3*y(t). Let z be w(-7). Determine j(z).
-10
Let u(j) = j**2 + 27*j + 112. Let c be u(-22). Let q(l) = -l**3 - 7*l**2 + c + 350*l - 9 - 4 - 342*l. What is q(-8)?
-11
Let k(o) be the third derivative of o**5/60 - o**4/3 - 29*o**3/6 - 103*o**2 + 2*o. Determine k(10).
-9
Let m(p) be the first derivative of p**3/3 + 6*p**2 - 5*p - 4954. Let q be -14*(4 + -3) + 1. What is m(q)?
8
Suppose 10*t = -106 + 266. Suppose 4*i = 2*o - i - t, -5*o + 2*i + 40 = 0. Let l(u) = o*u + 3 - 4 + 1 - 2. Calculate l(2).
14
Let o(k) = -5*k - 71. Suppose 42 = -3*a - 506*m + 503*m, 12*a = 3*m - 228. Give o(a).
19
Suppose -5*d - 14 = 4*c, -1 = -156*c + 157*c. Let u(t) = -5*t**3 - 3*t**2 - t + 6. Determine u(d).
36
Suppose -t - 35 = 3*h + 2*h, 3*t = 4*h - 181. Let g = t + 63. Let v(m) = -m**2 + 10*m - 11. Give v(g).
5
Suppose -p = w - 6, 22*w = 18*w - 12. Let n(b) = -3 - 1 - b - 37*b**2 + 38*b**2 - 6*b. Determine n(p).
14
Let s(u) = -22*u**2 + 1. Suppose 4*q + t - 7 = 0, -433*q = -428*q - t - 2. What is s(q)?
-21
Let x(a) = -49*a - 184*a**2 + 250*a**2 - 60*a**2 + 3. Determine x(8).
-5
Let d(n) = 595*n + 272. Let x(b) = -22*b - 10. Suppose -3*t = -v - 0*t + 11, -t = v - 3. Let o(j) = v*d(j) + 136*x(j). Calculate o(1).
-17
Let z(y) = y**2 + 4*y + 18. Let l be (-89)/(15664/(-96))*(66/(-3))/(-2). Give z(l).
78
Let h(f) be the first derivative of f**7/420 + f**6/40 - f**5/40 + 5*f**4/24 + 4*f**3/3 + f**2 + 142. Let y(v) be the third derivative of h(v). Give y(-5).
-5
Let z(t) = 3*t + 26. Suppose 0 = -3*h + 25 - 16. Suppose m - h*p + 2*p + 12 = 0, -m + 2*p = 17. Let n be z(m). Let y(i) = -i**3 + 4*i**2 + 3*i + 4. Give y(n).
-6
Let m(u) = -9*u + u**3 + 2*u - 1 - 5*u**2 + 4*u - 3. Let i(p) be the first derivative of 21*p**2/2 - 15*p + 23. Let a be i(1). What is m(a)?
14
Let a(o) = -2*o**2 + 26*o - 26. Suppose j - 23 = 2*t, -j + t = -15 - 4. Determine a(j).
-86
Let s be ((-15)/(-45))/(6/(-18)). Let h(x) = 33*x**3 + x + 1. Give h(s).
-33
Let w(j) be the first derivative of j**4/4 - 5*j**3/3 + 3*j**2/2 - 2*j + 7498. Let n be 1/(1/2)*2. Give w(n).
-6
Suppose -20*v + 21 + 11 = -8. Let w(u) = 8*u + 9. Calculate w(v).
25
Let f(o) = -28*o - 11. Let a(d) = -2 + 9 + 2 + 27*d. Let k(y) = 6*a(y) + 5*f(y). Let u = -19 - -20. What is k(u)?
21
Let f(o) = -271*o - 239. Let x(z) = -84*z - 80. Let l(k) = 6*f(k) - 19*x(k). What is l(3)?
-4
Let w(t) = 5 + 3 - 2*t + 7 - 19 + 3. What is w(10)?
-21
Let w(r) be the second derivative of 23*r**3/6 - 5*r**2 + 8*r - 129. Give w(3).
59
Let x(t) be the first derivative of -t**4/4 - 7*t**3/3 - 4*t**2 - 40*t - 2253. Determine x(-7).
16
Suppose -7*l = 27*l + 15*l - 343. Let t(z) = z**3 - 11*z**2 + 30*z - 3. What is t(l)?
11
Let k(v) be the third derivative of -v**6/120 + v**5/15 - v**4/6 - v**3/2 - 2*v**2 - 178*v. What is k(2)?
-3
Suppose 10*f - 5*f - 5 = 0. Let i(l) = -44*l - 19. Suppose -22 + 11 = -o. Let y(h) = -15*h - 7. Let m(w) = o*y(w) - 4*i(w). Calculate m(f).
10
Let z(h) = -4*h - 1. Let m = 92 - 102. Let q be m/30 + (-4)/6. Determine z(q).
3
Let y be 2/4 + (79/2 - -1). Let p = 56 - y. Let j(o) = -p + 5 + 4 + 7 - 14*o**2. What is j(1)?
-13
Suppose 216 = -5*d - 2*n, n = -2*n - 24. Let l(t) = 2*t + 76. Calculate l(d).
-4
Let k(t) = 4*t - 2. Let m = 2914 - 2916. Determine k(m).
-10
Let m(s) be the third derivative of s**6/120 + s**5/60 + s**4/12 + 7*s**3/6 - 12*s**2 + 16. Determine m(0).
7
Let j(r) be the second derivative of -1/8*r**4 - 10*r**2 - 1/6*r**3 + 19*r + 0. Let u(a) be the first derivative of j(a). Determine u(-2).
5
Let r = 381 - 379. Let h(n) = -1 + 1 + 5 + r*n + 6. What is h(9)?
29
Let l(p) = p**2 - 7*p + 6. Let g(z) = 13*z - 1. Let c be g(3). Suppose 4*m + 144 = 7*v - 11*v, -4*m = 8. Let t = v + c. Determine l(t).
-6
Let a(d) = 2*d. Let k be a(1). Let n(t) = 5*t - 7*t**2 - 3 + t**2 + 10*t**k - 5*t**2. Let q be (18/(0 - 3))/(-1). Give n(q).
-9
Let r(j) = 11*j + j**2 + 2822 - 8513 + 12*j + 2826 + 2814. Give r(-25).
-1
Let b = -7903 - -7869. Let k(d) = d**3 + 33*d**2 - 33*d + 36. What is k(b)?
2
Let z(c) = -6*c + 32. Let l(o) = -23*o - 17. Let p be l(-1). What is z(p)?
-4
Let i(h) be the first derivative of -11*h**2 + 9*h + 6732. Calculate i(-4).
97
Let f(z) = 3*z**3 + 4*z**2 - 41*z + 38. Let a(k) = -4*k + 4*k - 14*k + k**3 + 2*k**2 - k**2 + 13. Let q(d) = -17*a(d) + 6*f(d). Determine q(-8).
7
Suppose 25*u + 14 = 22*u + 4*b, 4 = -3*u + 2*b. Let j(c) be the first derivative of -c**2 - 4/3*c**3 + 1/4*c**4 + u + c. What is j(5)?
16
Let a(d) = d**2 + 9*d - 24. Let u(m) = -2*m - 10. Let j(r) = a(r) - 5*u(r). Give j(-13).
-52
Let s(i) = -10*i**2 + 31*i + 1. Let y be s(3). Let k be (-4)/(-7*y) + 97/7. Let q(n) = n**3 - 15*n**2 + 16*n - 21. What is q(k)?
7
Suppose 24*h - 13*h - 33 = 0. Let b(w) = -4*w - 4. Let n(u) = u. Let k(s) = b(s) + 5*n(s). What is k(h)?
-1
Let a(m) = m - 5. Suppose -2*q + 134 = -0*q - 4*p, 0 = 4*q - 3*p - 288. Suppose -18*l = -21*l + q. Let c = l - 25. Determine a(c).
-5
Let p(y) = -25*y + 4*y**2 + 3 - y**3 - 25*y - 19*y + 87*y - 20*y. Determine p(4).
-5
Let b(s) be the third derivative of s**4/24 - 31*s**2. Let a be 164/14 + -2 + (-96)/(-42). Suppose 65*d = 69*d - a. What is b(d)?
3
Let p(v) be the third derivat